nd 176780.
20
Calculate the highest common factor of 207414 and 213.
3
Calculate the highest common divisor of 430798139 and 34.
17
Calculate the highest common factor of 15540 and 22700277.
111
What is the greatest common divisor of 78422172 and 630209?
8633
Calculate the greatest common factor of 12096512 and 9216.
1024
Calculate the highest common factor of 228 and 211733340.
228
Calculate the greatest common factor of 213269 and 413.
7
What is the highest common factor of 289 and 634474?
17
Calculate the greatest common factor of 68437110 and 2730.
210
Calculate the greatest common factor of 12906 and 2457.
27
Calculate the greatest common factor of 319488 and 129408.
384
Calculate the highest common divisor of 382645 and 4635.
515
What is the greatest common divisor of 764 and 18272588?
764
What is the greatest common factor of 530796 and 4068?
12
Calculate the greatest common factor of 9898172 and 24.
4
What is the greatest common factor of 1605077 and 844?
211
What is the highest common factor of 995557 and 3131?
101
What is the highest common divisor of 4545 and 1283491335?
1515
What is the greatest common factor of 44001208 and 3128?
184
What is the greatest common factor of 3843378 and 85822?
1034
What is the highest common divisor of 9795 and 9046662?
1959
What is the greatest common divisor of 20794778 and 549?
61
Calculate the greatest common factor of 38035140 and 300.
60
Calculate the highest common divisor of 1760 and 201610.
10
Calculate the greatest common divisor of 265725 and 963.
9
What is the greatest common factor of 6569458 and 62?
62
What is the greatest common divisor of 441287 and 1617?
77
Calculate the greatest common divisor of 12836904 and 9417.
219
What is the greatest common factor of 7354498 and 164?
82
What is the greatest common factor of 1859613 and 233121?
357
Calculate the highest common factor of 8574 and 38880.
6
Calculate the greatest common divisor of 9075 and 14256.
33
What is the greatest common divisor of 4712 and 2211296?
152
Calculate the greatest common factor of 6047565 and 4134.
159
What is the greatest common factor of 311168 and 34918?
442
What is the greatest common divisor of 702469452 and 12?
12
Calculate the highest common divisor of 344 and 247222996.
172
What is the greatest common factor of 7616 and 2464448?
448
Calculate the greatest common divisor of 3203214 and 6678.
2226
What is the greatest common divisor of 11618408 and 248?
8
What is the highest common factor of 4077 and 46155717?
4077
Calculate the highest common factor of 158620 and 1234352.
2884
Calculate the greatest common factor of 37477 and 31053.
11
What is the greatest common divisor of 476 and 3802948?
4
What is the greatest common divisor of 23058 and 43848?
378
What is the greatest common divisor of 513955 and 72683?
13
What is the greatest common divisor of 81910 and 2870?
10
Calculate the highest common divisor of 106421760 and 4619.
4619
What is the greatest common factor of 662 and 41174083?
331
Calculate the greatest common factor of 29779 and 1176117.
307
What is the greatest common factor of 224 and 573825?
7
What is the highest common factor of 479399 and 145?
29
Calculate the greatest common factor of 26808056 and 422561.
9827
What is the greatest common divisor of 77132286 and 1818?
1818
What is the greatest common divisor of 1580990792 and 524?
524
Calculate the greatest common divisor of 17689 and 18487.
133
Calculate the greatest common divisor of 25260 and 3915.
15
Calculate the greatest common divisor of 659 and 19.
1
What is the highest common factor of 799203489 and 812?
203
Calculate the highest common divisor of 4534 and 609691514.
4534
What is the highest common factor of 208 and 31256864?
16
What is the greatest common factor of 729 and 62984709?
81
What is the highest common factor of 146 and 13768457?
73
What is the highest common divisor of 8456 and 23511606?
302
What is the greatest common divisor of 5173747 and 296?
37
What is the highest common divisor of 163344 and 1493712?
1968
What is the highest common divisor of 168 and 15883980?
84
What is the highest common factor of 1072 and 90523432?
536
What is the greatest common factor of 26 and 1990534?
26
What is the greatest common divisor of 31966 and 3454?
22
What is the greatest common factor of 67 and 192481151?
67
Calculate the greatest common factor of 101022 and 547146.
678
What is the highest common factor of 19613 and 53074561?
1783
What is the highest common divisor of 29388125 and 875?
125
Calculate the highest common divisor of 161090 and 169054.
362
Calculate the highest common divisor of 5495 and 667093.
1099
What is the greatest common factor of 284409531 and 13671?
1953
Calculate the highest common divisor of 782091 and 2594.
1297
Calculate the greatest common divisor of 230 and 12488425.
115
Calculate the highest common factor of 105451 and 2601.
17
Calculate the greatest common factor of 570 and 193900966.
38
Calculate the highest common factor of 1155316 and 48794.
1574
Calculate the greatest common factor of 545 and 640378379.
109
Calculate the highest common factor of 9999 and 5562777.
3333
Calculate the highest common divisor of 22134 and 59799.
93
Calculate the highest common factor of 1860 and 5763396.
372
What is the highest common divisor of 14 and 297680362?
14
What is the highest common factor of 9 and 2148757821?
9
Calculate the greatest common divisor of 17773832 and 32606.
274
What is the greatest common divisor of 24965725 and 50?
25
What is the greatest common factor of 96446 and 26782?
14
Calculate the highest common factor of 136 and 2286823.
17
What is the greatest common factor of 24 and 24368196?
12
What is the highest common factor of 30 and 293183535?
15
What is the greatest common factor of 20415 and 253095?
15
What is the greatest common factor of 2020 and 27606835?
505
Calculate the greatest common factor of 494769 and 611.
47
Calculate the highest common divisor of 9015 and 342802587.
1803
What is the highest common factor of 421760538 and 3?
3
Calculate the greatest common divisor of 1817 and 74819.
23
What is the highest common factor of 1498 and 28888468?
14
What is the highest common factor of 218436992 and 256?
128
What is the highest common divisor of 59541547 and 5772?
481
What is the highest common factor of 25602 and 9427554?
102
Calculate the highest common factor of 9099279 and 3492.
873
Calculate the highest common factor of 562857390 and 41850.
8370
Calculate the greatest common factor of 2528007 and 456.
57
What is the highest common divisor of 18951 and 519074207?
6317
What is the highest common factor of 667 and 20235794?
29
What is the greatest common divisor of 4081753 and 208?
13
What is the greatest common divisor of 1000 and 10879525?
25
Calculate the highest common factor of 209 and 6980163.
19
Calculate the greatest common factor of 121691 and 201707.
1667
Calculate the greatest common factor of 456 and 21825564.
12
Calculate the highest common divisor of 6517 and 37080533.
133
Calculate the greatest common factor of 26 and 413404095.
13
Calculate the highest common factor of 26328 and 348457662.
6582
Calculate the greatest common factor of 360267468 and 24.
12
Calculate the greatest common divisor of 96922182 and 280.
14
Calculate the greatest common factor of 49340 and 47694511.
2467
What is the highest common factor of 32 and 17311454?
2
Calculate the highest common divisor of 55954050 and 50.
50
Calculate the greatest common factor of 79 and 733910.
79
Calculate the highest common factor of 48653 and 49258.
11
Calculate the greatest common factor of 797141 and 16769.
409
Calculate the greatest common factor of 7419104 and 42.
14
Calculate the greatest common divisor of 11798 and 44914.
34
Calculate the greatest common divisor of 3262 and 398258.
14
What is the greatest common divisor of 506270 and 110?
10
Calculate the greatest common factor of 10793963 and 17.
17
Calculate the highest common factor of 53963 and 2192321.
593
What is the highest common divisor of 385 and 90736800?
385
What is the highest common divisor of 12916785 and 15?
15
What is the greatest common factor of 73255 and 3454945?
1495
Calculate the greatest common factor of 3750579 and 31857.
777
What